{"id":1781,"date":"2024-09-16T09:40:41","date_gmt":"2024-09-16T07:40:41","guid":{"rendered":"https:\/\/plastmed.malinowy.it\/?page_id=1781"},"modified":"2024-11-19T09:22:46","modified_gmt":"2024-11-19T08:22:46","slug":"leczenie-bezplodnosci-2","status":"publish","type":"page","link":"https:\/\/plastmed.malinowy.it\/?page_id=1781","title":{"rendered":"Leczenie bezp\u0142odno\u015bci"},"content":{"rendered":"\t\t<div data-elementor-type=\"wp-page\" data-elementor-id=\"1781\" class=\"elementor elementor-1781\">\n\t\t\t\t<div class=\"elementor-element elementor-element-0d9dcf9 e-flex e-con-boxed e-con e-parent\" data-id=\"0d9dcf9\" data-element_type=\"container\" data-settings=\"{&quot;background_background&quot;:&quot;classic&quot;}\" data-core-v316-plus=\"true\">\n\t\t\t\t\t<div class=\"e-con-inner\">\n\t\t<div class=\"elementor-element elementor-element-e3d0853 e-con-full e-flex e-con e-child\" data-id=\"e3d0853\" data-element_type=\"container\">\n\t\t\t\t<div class=\"elementor-element elementor-element-eb6d120 elementor-widget elementor-widget-heading\" data-id=\"eb6d120\" data-element_type=\"widget\" data-widget_type=\"heading.default\">\n\t\t\t\t<div class=\"elementor-widget-container\">\n\t\t\t<style>\/*! elementor - v3.20.0 - 26-03-2024 *\/\n.elementor-heading-title{padding:0;margin:0;line-height:1}.elementor-widget-heading .elementor-heading-title[class*=elementor-size-]>a{color:inherit;font-size:inherit;line-height:inherit}.elementor-widget-heading .elementor-heading-title.elementor-size-small{font-size:15px}.elementor-widget-heading .elementor-heading-title.elementor-size-medium{font-size:19px}.elementor-widget-heading .elementor-heading-title.elementor-size-large{font-size:29px}.elementor-widget-heading .elementor-heading-title.elementor-size-xl{font-size:39px}.elementor-widget-heading .elementor-heading-title.elementor-size-xxl{font-size:59px}<\/style><h2 class=\"elementor-heading-title elementor-size-default\">Leczenie niep\u0142odno\u015bci<\/h2>\t\t<\/div>\n\t\t\t\t<\/div>\n\t\t\t\t<div class=\"elementor-element elementor-element-839b4ec elementor-widget-divider--view-line elementor-widget elementor-widget-divider\" data-id=\"839b4ec\" data-element_type=\"widget\" data-widget_type=\"divider.default\">\n\t\t\t\t<div class=\"elementor-widget-container\">\n\t\t\t<style>\/*! elementor - v3.20.0 - 26-03-2024 *\/\n.elementor-widget-divider{--divider-border-style:none;--divider-border-width:1px;--divider-color:#0c0d0e;--divider-icon-size:20px;--divider-element-spacing:10px;--divider-pattern-height:24px;--divider-pattern-size:20px;--divider-pattern-url:none;--divider-pattern-repeat:repeat-x}.elementor-widget-divider .elementor-divider{display:flex}.elementor-widget-divider .elementor-divider__text{font-size:15px;line-height:1;max-width:95%}.elementor-widget-divider .elementor-divider__element{margin:0 var(--divider-element-spacing);flex-shrink:0}.elementor-widget-divider .elementor-icon{font-size:var(--divider-icon-size)}.elementor-widget-divider .elementor-divider-separator{display:flex;margin:0;direction:ltr}.elementor-widget-divider--view-line_icon .elementor-divider-separator,.elementor-widget-divider--view-line_text .elementor-divider-separator{align-items:center}.elementor-widget-divider--view-line_icon .elementor-divider-separator:after,.elementor-widget-divider--view-line_icon .elementor-divider-separator:before,.elementor-widget-divider--view-line_text .elementor-divider-separator:after,.elementor-widget-divider--view-line_text .elementor-divider-separator:before{display:block;content:\"\";border-block-end:0;flex-grow:1;border-block-start:var(--divider-border-width) var(--divider-border-style) var(--divider-color)}.elementor-widget-divider--element-align-left .elementor-divider .elementor-divider-separator>.elementor-divider__svg:first-of-type{flex-grow:0;flex-shrink:100}.elementor-widget-divider--element-align-left .elementor-divider-separator:before{content:none}.elementor-widget-divider--element-align-left .elementor-divider__element{margin-left:0}.elementor-widget-divider--element-align-right .elementor-divider .elementor-divider-separator>.elementor-divider__svg:last-of-type{flex-grow:0;flex-shrink:100}.elementor-widget-divider--element-align-right .elementor-divider-separator:after{content:none}.elementor-widget-divider--element-align-right .elementor-divider__element{margin-right:0}.elementor-widget-divider--element-align-start .elementor-divider .elementor-divider-separator>.elementor-divider__svg:first-of-type{flex-grow:0;flex-shrink:100}.elementor-widget-divider--element-align-start .elementor-divider-separator:before{content:none}.elementor-widget-divider--element-align-start .elementor-divider__element{margin-inline-start:0}.elementor-widget-divider--element-align-end .elementor-divider .elementor-divider-separator>.elementor-divider__svg:last-of-type{flex-grow:0;flex-shrink:100}.elementor-widget-divider--element-align-end .elementor-divider-separator:after{content:none}.elementor-widget-divider--element-align-end .elementor-divider__element{margin-inline-end:0}.elementor-widget-divider:not(.elementor-widget-divider--view-line_text):not(.elementor-widget-divider--view-line_icon) .elementor-divider-separator{border-block-start:var(--divider-border-width) var(--divider-border-style) var(--divider-color)}.elementor-widget-divider--separator-type-pattern{--divider-border-style:none}.elementor-widget-divider--separator-type-pattern.elementor-widget-divider--view-line .elementor-divider-separator,.elementor-widget-divider--separator-type-pattern:not(.elementor-widget-divider--view-line) .elementor-divider-separator:after,.elementor-widget-divider--separator-type-pattern:not(.elementor-widget-divider--view-line) .elementor-divider-separator:before,.elementor-widget-divider--separator-type-pattern:not([class*=elementor-widget-divider--view]) .elementor-divider-separator{width:100%;min-height:var(--divider-pattern-height);-webkit-mask-size:var(--divider-pattern-size) 100%;mask-size:var(--divider-pattern-size) 100%;-webkit-mask-repeat:var(--divider-pattern-repeat);mask-repeat:var(--divider-pattern-repeat);background-color:var(--divider-color);-webkit-mask-image:var(--divider-pattern-url);mask-image:var(--divider-pattern-url)}.elementor-widget-divider--no-spacing{--divider-pattern-size:auto}.elementor-widget-divider--bg-round{--divider-pattern-repeat:round}.rtl .elementor-widget-divider .elementor-divider__text{direction:rtl}.e-con-inner>.elementor-widget-divider,.e-con>.elementor-widget-divider{width:var(--container-widget-width,100%);--flex-grow:var(--container-widget-flex-grow)}<\/style>\t\t<div class=\"elementor-divider\">\n\t\t\t<span class=\"elementor-divider-separator\">\n\t\t\t\t\t\t<\/span>\n\t\t<\/div>\n\t\t\t\t<\/div>\n\t\t\t\t<\/div>\n\t\t\t\t<\/div>\n\t\t\t\t\t<\/div>\n\t\t\t\t<\/div>\n\t\t\t\t<section class=\"elementor-section elementor-top-section elementor-element elementor-element-5t0lau7 elementor-section-content-middle elementor-section-boxed elementor-section-height-default elementor-section-height-default\" data-id=\"5t0lau7\" data-element_type=\"section\" data-settings=\"{&quot;background_background&quot;:&quot;classic&quot;}\">\n\t\t\t\t\t\t<div class=\"elementor-container elementor-column-gap-no\">\n\t\t\t\t\t<div class=\"elementor-column elementor-col-50 elementor-top-column elementor-element elementor-element-27a2e6f\" data-id=\"27a2e6f\" data-element_type=\"column\">\n\t\t\t<div class=\"elementor-widget-wrap elementor-element-populated\">\n\t\t\t\t\t\t<div class=\"elementor-element elementor-element-2d03d06 elementor-widget elementor-widget-image\" data-id=\"2d03d06\" data-element_type=\"widget\" data-widget_type=\"image.default\">\n\t\t\t\t<div class=\"elementor-widget-container\">\n\t\t\t<style>\/*! elementor - v3.20.0 - 26-03-2024 *\/\n.elementor-widget-image{text-align:center}.elementor-widget-image a{display:inline-block}.elementor-widget-image a img[src$=\".svg\"]{width:48px}.elementor-widget-image img{vertical-align:middle;display:inline-block}<\/style>\t\t\t\t\t\t\t\t\t\t<img fetchpriority=\"high\" decoding=\"async\" width=\"768\" height=\"512\" src=\"https:\/\/plastmed.malinowy.it\/wp-content\/uploads\/2024\/11\/analysis-biochemistry-biologist-2030265-768x512.jpg\" class=\"attachment-medium_large size-medium_large wp-image-1870\" alt=\"analysis, biochemistry, biologist-2030265.jpg\" srcset=\"https:\/\/plastmed.malinowy.it\/wp-content\/uploads\/2024\/11\/analysis-biochemistry-biologist-2030265-768x512.jpg 768w, https:\/\/plastmed.malinowy.it\/wp-content\/uploads\/2024\/11\/analysis-biochemistry-biologist-2030265-300x200.jpg 300w, https:\/\/plastmed.malinowy.it\/wp-content\/uploads\/2024\/11\/analysis-biochemistry-biologist-2030265-1024x682.jpg 1024w, https:\/\/plastmed.malinowy.it\/wp-content\/uploads\/2024\/11\/analysis-biochemistry-biologist-2030265.jpg 1280w\" sizes=\"(max-width: 768px) 100vw, 768px\" \/>\t\t\t\t\t\t\t\t\t\t\t\t\t<\/div>\n\t\t\t\t<\/div>\n\t\t\t\t\t<\/div>\n\t\t<\/div>\n\t\t\t\t<div class=\"elementor-column elementor-col-50 elementor-top-column elementor-element elementor-element-fc55efe\" data-id=\"fc55efe\" data-element_type=\"column\">\n\t\t\t<div class=\"elementor-widget-wrap elementor-element-populated\">\n\t\t\t\t\t\t<div class=\"elementor-element elementor-element-f07ba44 elementor-widget elementor-widget-heading\" data-id=\"f07ba44\" data-element_type=\"widget\" data-widget_type=\"heading.default\">\n\t\t\t\t<div class=\"elementor-widget-container\">\n\t\t\t<h2 class=\"elementor-heading-title elementor-size-default\">Leczenie niep\u0142odno\u015bci Katowice<\/h2>\t\t<\/div>\n\t\t\t\t<\/div>\n\t\t\t\t<div class=\"elementor-element elementor-element-a336775 elementor-widget elementor-widget-text-editor\" data-id=\"a336775\" data-element_type=\"widget\" data-widget_type=\"text-editor.default\">\n\t\t\t\t<div class=\"elementor-widget-container\">\n\t\t\t<style>\/*! elementor - v3.20.0 - 26-03-2024 *\/\n.elementor-widget-text-editor.elementor-drop-cap-view-stacked .elementor-drop-cap{background-color:#69727d;color:#fff}.elementor-widget-text-editor.elementor-drop-cap-view-framed .elementor-drop-cap{color:#69727d;border:3px solid;background-color:transparent}.elementor-widget-text-editor:not(.elementor-drop-cap-view-default) .elementor-drop-cap{margin-top:8px}.elementor-widget-text-editor:not(.elementor-drop-cap-view-default) .elementor-drop-cap-letter{width:1em;height:1em}.elementor-widget-text-editor .elementor-drop-cap{float:left;text-align:center;line-height:1;font-size:50px}.elementor-widget-text-editor .elementor-drop-cap-letter{display:inline-block}<\/style>\t\t\t\tPrzyczyny niep\u0142odno\u015bci s\u0105 zazwyczaj bardzo zindywidualizowane, a to tego trzeba pami\u0119ta\u0107, \u017ce niep\u0142odno\u015b\u0107 stanowi problem obojga partner\u00f3w. Tym samym diagnostyk\u0105 musz\u0105 by\u0107 obj\u0119ci zar\u00f3wno kobieta, jak i m\u0119\u017cczyzna. U kobiet najcz\u0119\u015bciej mamy do czynienia z zaburzeniami hormonalnymi, z endometrioz\u0105 lub z niedro\u017cno\u015bci\u0105 jajowod\u00f3w.<br>U m\u0119\u017cczyzn problemem jest najcz\u0119\u015bciej niska jako\u015b\u0107 nasienia, dlatego standardowo wykonuje si\u0119 badanie nasienia, a ponadto przyczyn\u0105 mog\u0105 by\u0107 uszkodzenia j\u0105der lub niedro\u017cno\u015b\u0107 nasieniowod\u00f3w. Leczenie niep\u0142odno\u015bci to zatem w\u0142a\u015bciwa diagnoza przyczyn niep\u0142odno\u015bci, kt\u00f3ra opiera si\u0119 o szczeg\u00f3\u0142owy wywiad i wykonanie bada\u0144 takich jak badanie nasienia u m\u0119\u017cczyzn i test wrogo\u015bci \u015bluzu szyjkowego czy te\u017c test na wyst\u0119powanie przeciwcia\u0142 antyplemnikowych u kobiet. Leczenie niep\u0142odno\u015bci mo\u017ce opiera\u0107 si\u0119 o podawanie hormon\u00f3w, leczenie farmakologiczne, zabiegi inwazyjne, czy te\u017c przeprowadzenie takich procedur jak inseminacja lub in vitro. W klinice w Katowicach zapewniamy dost\u0119p do r\u00f3\u017cnych metod, tak aby dzia\u0142a\u0107 skutecznie<br> i zapewnia\u0107 kompleksowe leczenie niep\u0142odno\u015bci.\t\t\t\t\t\t<\/div>\n\t\t\t\t<\/div>\n\t\t\t\t\t<\/div>\n\t\t<\/div>\n\t\t\t\t\t<\/div>\n\t\t<\/section>\n\t\t\t\t<section class=\"elementor-section elementor-top-section elementor-element elementor-element-50jk3xl elementor-reverse-mobile elementor-section-boxed elementor-section-height-default elementor-section-height-default\" data-id=\"50jk3xl\" data-element_type=\"section\" data-settings=\"{&quot;background_background&quot;:&quot;classic&quot;}\">\n\t\t\t\t\t\t\t<div class=\"elementor-background-overlay\"><\/div>\n\t\t\t\t\t\t\t<div class=\"elementor-container elementor-column-gap-default\">\n\t\t\t\t\t<div class=\"elementor-column elementor-col-50 elementor-top-column elementor-element elementor-element-0ae65ec\" data-id=\"0ae65ec\" data-element_type=\"column\" data-settings=\"{&quot;background_background&quot;:&quot;classic&quot;}\">\n\t\t\t<div class=\"elementor-widget-wrap elementor-element-populated\">\n\t\t\t\t\t\t<div class=\"elementor-element elementor-element-1ed05de elementor-widget elementor-widget-image\" data-id=\"1ed05de\" data-element_type=\"widget\" data-widget_type=\"image.default\">\n\t\t\t\t<div class=\"elementor-widget-container\">\n\t\t\t\t\t\t\t\t\t\t\t\t\t<img decoding=\"async\" width=\"1280\" height=\"744\" src=\"https:\/\/plastmed.malinowy.it\/wp-content\/uploads\/2024\/05\/s-medical-3579029.jpg\" class=\"attachment-full size-full wp-image-1682\" alt=\"medical procedures, medical office, seafarer&#039;s medical-3579029.jpg\" srcset=\"https:\/\/plastmed.malinowy.it\/wp-content\/uploads\/2024\/05\/s-medical-3579029.jpg 1280w, https:\/\/plastmed.malinowy.it\/wp-content\/uploads\/2024\/05\/s-medical-3579029-300x174.jpg 300w, https:\/\/plastmed.malinowy.it\/wp-content\/uploads\/2024\/05\/s-medical-3579029-1024x595.jpg 1024w, https:\/\/plastmed.malinowy.it\/wp-content\/uploads\/2024\/05\/s-medical-3579029-768x446.jpg 768w, https:\/\/plastmed.malinowy.it\/wp-content\/uploads\/2024\/05\/s-medical-3579029-600x349.jpg 600w\" sizes=\"(max-width: 1280px) 100vw, 1280px\" \/>\t\t\t\t\t\t\t\t\t\t\t\t\t<\/div>\n\t\t\t\t<\/div>\n\t\t\t\t\t<\/div>\n\t\t<\/div>\n\t\t\t\t<div class=\"elementor-column elementor-col-50 elementor-top-column elementor-element elementor-element-a7170cb\" data-id=\"a7170cb\" data-element_type=\"column\">\n\t\t\t<div class=\"elementor-widget-wrap elementor-element-populated\">\n\t\t\t\t\t\t<div class=\"elementor-element elementor-element-fb08c38 elementor-widget elementor-widget-heading\" data-id=\"fb08c38\" data-element_type=\"widget\" data-widget_type=\"heading.default\">\n\t\t\t\t<div class=\"elementor-widget-container\">\n\t\t\t<h2 class=\"elementor-heading-title elementor-size-default\">Badanie nasienia\n<\/h2>\t\t<\/div>\n\t\t\t\t<\/div>\n\t\t\t\t<div class=\"elementor-element elementor-element-93d90f1 elementor-widget elementor-widget-heading\" data-id=\"93d90f1\" data-element_type=\"widget\" data-widget_type=\"heading.default\">\n\t\t\t\t<div class=\"elementor-widget-container\">\n\t\t\t<h5 class=\"elementor-heading-title elementor-size-default\">Badanie nasienia to podstawowe badanie w diagnostyce m\u0119skiej niep\u0142odno\u015bci, kt\u00f3re pozwala na ocen\u0119 liczby plemnik\u00f3w, ich jako\u015bci i aktywno\u015bci wed\u0142ug normy ustalonej przez \u015awiatow\u0105 Organizacj\u0119 Zdrowia (WHO). Dzi\u0119ki badaniu mo\u017cna opisa\u0107 og\u00f3lne parametry nasienia, takie jak: czas up\u0142ynnienia, obj\u0119to\u015b\u0107, lepko\u015b\u0107, wygl\u0105d ejakulatu, pH, odsetek \u017cywych i ruchliwych plemnik\u00f3w, liczb\u0119 plemnik\u00f3w na 1 ml nasienia, og\u00f3ln\u0105 liczb\u0119 plemnik\u00f3w w ejakulacie, obecno\u015b\u0107 i ewentualnie stopie\u0144 aglutynacji (zgrupowania) plemnik\u00f3w, budow\u0119 plemnik\u00f3w i proporcje mi\u0119dzy nimi. <\/h5>\t\t<\/div>\n\t\t\t\t<\/div>\n\t\t\t\t<div class=\"elementor-element elementor-element-820708b elementor-widget elementor-widget-text-editor\" data-id=\"820708b\" data-element_type=\"widget\" data-widget_type=\"text-editor.default\">\n\t\t\t\t<div class=\"elementor-widget-container\">\n\t\t\t\t\t\t\t<p><strong>Przygotowuj\u0105c si\u0119 do badania nale\u017cy pami\u0119ta\u0107 o nast\u0119puj\u0105cych zaleceniach:<\/strong><br \/>&#8211; nale\u017cy zachowa\u0107 3 do 5 dniow\u0105 wstrzemi\u0119\u017aliwo\u015b\u0107 seksualn\u0105,<br \/>&#8211; w okresie poprzedzaj\u0105cym badanie nale\u017cy prowadzi\u0107 higieniczny tryb \u017cycia, unika\u0107 alkoholu, papieros\u00f3w, stresu, ograniczy\u0107 tak\u017ce wysi\u0142ek fizyczny,<br \/>&#8211; w przypadku antybiotykoterapii zalecane jest wykonanie badania po 2 tygodniach od jej zako\u0144czenia.<\/p>\t\t\t\t\t\t<\/div>\n\t\t\t\t<\/div>\n\t\t\t\t\t<\/div>\n\t\t<\/div>\n\t\t\t\t\t<\/div>\n\t\t<\/section>\n\t\t\t\t<section class=\"elementor-section elementor-top-section elementor-element elementor-element-qr497t4 elementor-section-content-middle elementor-reverse-mobile elementor-section-boxed elementor-section-height-default elementor-section-height-default\" data-id=\"qr497t4\" data-element_type=\"section\" data-settings=\"{&quot;background_background&quot;:&quot;classic&quot;}\">\n\t\t\t\t\t\t\t<div class=\"elementor-background-overlay\"><\/div>\n\t\t\t\t\t\t\t<div class=\"elementor-container elementor-column-gap-no\">\n\t\t\t\t\t<div class=\"elementor-column elementor-col-50 elementor-top-column elementor-element elementor-element-b0b74d8\" data-id=\"b0b74d8\" data-element_type=\"column\">\n\t\t\t<div class=\"elementor-widget-wrap elementor-element-populated\">\n\t\t\t\t\t\t<div class=\"elementor-element elementor-element-bfed4c6 elementor-widget elementor-widget-heading\" data-id=\"bfed4c6\" data-element_type=\"widget\" data-widget_type=\"heading.default\">\n\t\t\t\t<div class=\"elementor-widget-container\">\n\t\t\t<h2 class=\"elementor-heading-title elementor-size-default\">Inseminacja domaciczna\u200b<\/h2>\t\t<\/div>\n\t\t\t\t<\/div>\n\t\t\t\t<div class=\"elementor-element elementor-element-327f367 elementor-widget elementor-widget-text-editor\" data-id=\"327f367\" data-element_type=\"widget\" data-widget_type=\"text-editor.default\">\n\t\t\t\t<div class=\"elementor-widget-container\">\n\t\t\t\t\t\t\tInseminacja domaciczna jest prostym i nieinwazyjnym zabiegiem, kt\u00f3ry ma na celu u\u0142atwienie zap\u0142odnienia poprzez pokonanie bariery \u015bluzu szyjkowego. Zabieg polega na bezpo\u015brednim umieszczeniu w jamie macicy nasienia za pomoc\u0105 specjalnego katetera, wcze\u015bniej odpowiednio przygotowanego w warunkach laboratoryjnych. Wyr\u00f3\u017cnia si\u0119 du\u017c\u0105 dost\u0119pno\u015bci\u0105 i stosunkowo nisk\u0105 cen\u0105. Mo\u017cesz w niej uczestniczy\u0107 razem z twoim partnerem, co pozwoli Wam jeszcze bardziej zbli\u017cy\u0107 si\u0119 do siebie w czasie starania si\u0119 o dziecko. W inseminacji wykorzystujemy nasienie partnera.\n\n<strong>Wskazania do inseminacji domacicznej<\/strong>\n&#8211; obecno\u015b\u0107 przeciwcia\u0142 przeciwplemnikowych,\n&#8211; nieprawid\u0142owe parametry nasienia,\n&#8211; zaburzenia ejakulacji,\n&#8211; endometrioza,\n&#8211; zaburzenia owulacji,\n&#8211; niep\u0142odno\u015b\u0107 idiopatyczna (niewyja\u015bnionego pochodzenia),\n&#8211; nieprawid\u0142owa budowa uk\u0142adu rodnego kobiety, przy zachowaniu dro\u017cnych jajowod\u00f3w,\n&#8211; zesp\u00f3\u0142 policystycznych jajnik\u00f3w.\n\nSkuteczno\u015b\u0107 zabiegu inseminacji\nSkuteczno\u015b\u0107 inseminacji waha si\u0119 od 10% do 25% na cykl, w zale\u017cno\u015bci od parametr\u00f3w nasienia, wieku kobiety i liczby dojrza\u0142ych p\u0119cherzyk\u00f3w po stymulacji.\nZabieg mo\u017cna wykonywa\u0107 w kolejnych, nast\u0119puj\u0105cych po sobie cyklach miesi\u0119cznych. Liczba inseminacji domacicznych jest zmienna, w zale\u017cno\u015bci od przypadku. Nie ma konkretnych zalece\u0144 ani ogranicze\u0144 czasowych, jednak jedna czy dwie to za ma\u0142o.\n\nInseminacja domaciczna &#8211; od strony kobiety\nZanim przyst\u0105pisz do zabiegu inseminacji lekarz zaleci ci terapi\u0119 hormonaln\u0105 oraz zleca badania dodatkowe. Nast\u0119pnie lekarz prowadzi monitoring cyklu by wyznaczy\u0107 najbardziej odpowiedni\u0105 dat\u0119 zabiegu.\nZabieg polega na wprowadzeniu plastycznej rurki do macicy przez kt\u00f3r\u0105 wstrzykuje si\u0119 p\u0142yn zawieraj\u0105cy plemniki. Dzi\u0119ki temu procesowi skraca si\u0119 droga do kom\u00f3rki jajowej, a tym samym pomini\u0119te zostaj\u0105 przeszkody naturalne, przez co zwi\u0119ksza si\u0119 mo\u017cliwo\u015b\u0107 zap\u0142odnienia. Po zabiegu pacjentka odpoczywa oko\u0142o 20 minut w pozycji le\u017c\u0105cej.\n\nDawca nasienia &#8211; od strony m\u0119\u017cczyzny\nW dniu zabiegu m\u0119\u017cczyzna oddaje nasienie po 3-5 dniach wstrzemi\u0119\u017aliwo\u015bci seksualnej, kt\u00f3re nast\u0119pnie po przygotowaniu i wyselekcjonowaniu najlepszych plemnik\u00f3w zostaje podane do jamy macicy. Proces obr\u00f3bki nasienia trwa od 40 min. do 1 godziny.\n\nZapraszamy na wizyt\u0119 w Europejskim Centrum Leczenia Niep\u0142odno\u015bci PLAST-MED Katowice.\t\t\t\t\t\t<\/div>\n\t\t\t\t<\/div>\n\t\t\t\t\t<\/div>\n\t\t<\/div>\n\t\t\t\t<div class=\"elementor-column elementor-col-50 elementor-top-column elementor-element elementor-element-51962fb\" data-id=\"51962fb\" data-element_type=\"column\" data-settings=\"{&quot;background_background&quot;:&quot;classic&quot;}\">\n\t\t\t<div class=\"elementor-widget-wrap elementor-element-populated\">\n\t\t\t\t\t\t<div class=\"elementor-element elementor-element-6315460 elementor-widget elementor-widget-image\" data-id=\"6315460\" data-element_type=\"widget\" data-widget_type=\"image.default\">\n\t\t\t\t<div class=\"elementor-widget-container\">\n\t\t\t\t\t\t\t\t\t\t\t\t\t<img decoding=\"async\" width=\"1280\" height=\"854\" src=\"https:\/\/plastmed.malinowy.it\/wp-content\/uploads\/2024\/11\/medical-equipment-medicine-laboratory-4099428.jpg\" class=\"attachment-full size-full wp-image-1873\" alt=\"medical equipment, medicine, laboratory-4099428.jpg\" srcset=\"https:\/\/plastmed.malinowy.it\/wp-content\/uploads\/2024\/11\/medical-equipment-medicine-laboratory-4099428.jpg 1280w, https:\/\/plastmed.malinowy.it\/wp-content\/uploads\/2024\/11\/medical-equipment-medicine-laboratory-4099428-300x200.jpg 300w, https:\/\/plastmed.malinowy.it\/wp-content\/uploads\/2024\/11\/medical-equipment-medicine-laboratory-4099428-1024x683.jpg 1024w, https:\/\/plastmed.malinowy.it\/wp-content\/uploads\/2024\/11\/medical-equipment-medicine-laboratory-4099428-768x512.jpg 768w\" sizes=\"(max-width: 1280px) 100vw, 1280px\" \/>\t\t\t\t\t\t\t\t\t\t\t\t\t<\/div>\n\t\t\t\t<\/div>\n\t\t\t\t\t<\/div>\n\t\t<\/div>\n\t\t\t\t\t<\/div>\n\t\t<\/section>\n\t\t\t\t<\/div>\n\t\t","protected":false},"excerpt":{"rendered":"<p>Leczenie niep\u0142odno\u015bci Leczenie niep\u0142odno\u015bci Katowice Przyczyny niep\u0142odno\u015bci s\u0105 zazwyczaj bardzo zindywidualizowane, a to tego trzeba pami\u0119ta\u0107, \u017ce niep\u0142odno\u015b\u0107 stanowi problem obojga partner\u00f3w. Tym samym diagnostyk\u0105 musz\u0105 by\u0107 obj\u0119ci zar\u00f3wno kobieta, jak i m\u0119\u017cczyzna. U kobiet najcz\u0119\u015bciej mamy do czynienia z zaburzeniami hormonalnymi, z endometrioz\u0105 lub z niedro\u017cno\u015bci\u0105 jajowod\u00f3w.U m\u0119\u017cczyzn problemem jest najcz\u0119\u015bciej niska jako\u015b\u0107 nasienia, [&hellip;]<\/p>\n","protected":false},"author":1,"featured_media":0,"parent":0,"menu_order":0,"comment_status":"closed","ping_status":"closed","template":"","meta":{"site-sidebar-layout":"no-sidebar","site-content-layout":"page-builder","ast-site-content-layout":"full-width-container","site-content-style":"unboxed","site-sidebar-style":"unboxed","ast-global-header-display":"","ast-banner-title-visibility":"","ast-main-header-display":"","ast-hfb-above-header-display":"","ast-hfb-below-header-display":"","ast-hfb-mobile-header-display":"","site-post-title":"disabled","ast-breadcrumbs-content":"disabled","ast-featured-img":"disabled","footer-sml-layout":"","theme-transparent-header-meta":"enabled","adv-header-id-meta":"","stick-header-meta":"","header-above-stick-meta":"","header-main-stick-meta":"","header-below-stick-meta":"","astra-migrate-meta-layouts":"set","ast-page-background-enabled":"default","ast-page-background-meta":{"desktop":{"background-color":"var(--ast-global-color-4)","background-image":"","background-repeat":"repeat","background-position":"center center","background-size":"auto","background-attachment":"scroll","background-type":"","background-media":"","overlay-type":"","overlay-color":"","overlay-gradient":""},"tablet":{"background-color":"","background-image":"","background-repeat":"repeat","background-position":"center center","background-size":"auto","background-attachment":"scroll","background-type":"","background-media":"","overlay-type":"","overlay-color":"","overlay-gradient":""},"mobile":{"background-color":"","background-image":"","background-repeat":"repeat","background-position":"center center","background-size":"auto","background-attachment":"scroll","background-type":"","background-media":"","overlay-type":"","overlay-color":"","overlay-gradient":""}},"ast-content-background-meta":{"desktop":{"background-color":"var(--ast-global-color-5)","background-image":"","background-repeat":"repeat","background-position":"center center","background-size":"auto","background-attachment":"scroll","background-type":"","background-media":"","overlay-type":"","overlay-color":"","overlay-gradient":""},"tablet":{"background-color":"var(--ast-global-color-5)","background-image":"","background-repeat":"repeat","background-position":"center center","background-size":"auto","background-attachment":"scroll","background-type":"","background-media":"","overlay-type":"","overlay-color":"","overlay-gradient":""},"mobile":{"background-color":"var(--ast-global-color-5)","background-image":"","background-repeat":"repeat","background-position":"center center","background-size":"auto","background-attachment":"scroll","background-type":"","background-media":"","overlay-type":"","overlay-color":"","overlay-gradient":""}},"footnotes":""},"class_list":["post-1781","page","type-page","status-publish","hentry"],"_links":{"self":[{"href":"https:\/\/plastmed.malinowy.it\/index.php?rest_route=\/wp\/v2\/pages\/1781","targetHints":{"allow":["GET"]}}],"collection":[{"href":"https:\/\/plastmed.malinowy.it\/index.php?rest_route=\/wp\/v2\/pages"}],"about":[{"href":"https:\/\/plastmed.malinowy.it\/index.php?rest_route=\/wp\/v2\/types\/page"}],"author":[{"embeddable":true,"href":"https:\/\/plastmed.malinowy.it\/index.php?rest_route=\/wp\/v2\/users\/1"}],"replies":[{"embeddable":true,"href":"https:\/\/plastmed.malinowy.it\/index.php?rest_route=%2Fwp%2Fv2%2Fcomments&post=1781"}],"version-history":[{"count":29,"href":"https:\/\/plastmed.malinowy.it\/index.php?rest_route=\/wp\/v2\/pages\/1781\/revisions"}],"predecessor-version":[{"id":1902,"href":"https:\/\/plastmed.malinowy.it\/index.php?rest_route=\/wp\/v2\/pages\/1781\/revisions\/1902"}],"wp:attachment":[{"href":"https:\/\/plastmed.malinowy.it\/index.php?rest_route=%2Fwp%2Fv2%2Fmedia&parent=1781"}],"curies":[{"name":"wp","href":"https:\/\/api.w.org\/{rel}","templated":true}]}}